2875 is divided by 40.
35
What is the remainder when 73785 is divided by 855?
255
What is the remainder when 1501595 is divided by 25?
20
Calculate the remainder when 6070 is divided by 1511.
26
Calculate the remainder when 2627621 is divided by 31.
30
What is the remainder when 174842 is divided by 289?
286
Calculate the remainder when 20201 is divided by 297.
5
What is the remainder when 583 is divided by 256?
71
What is the remainder when 218838 is divided by 494?
490
What is the remainder when 21535 is divided by 75?
10
What is the remainder when 5141 is divided by 55?
26
Calculate the remainder when 1388252 is divided by 7.
5
What is the remainder when 10801 is divided by 174?
13
What is the remainder when 143758 is divided by 40?
38
Calculate the remainder when 31413 is divided by 745.
123
What is the remainder when 76658 is divided by 2190?
8
What is the remainder when 40959 is divided by 532?
527
What is the remainder when 12068 is divided by 1004?
20
Calculate the remainder when 3618 is divided by 144.
18
Calculate the remainder when 20145 is divided by 1265.
1170
Calculate the remainder when 74875 is divided by 2079.
31
What is the remainder when 75451 is divided by 22?
13
Calculate the remainder when 1792 is divided by 596.
4
What is the remainder when 331900 is divided by 109?
104
What is the remainder when 377725 is divided by 249?
241
What is the remainder when 81926 is divided by 154?
152
What is the remainder when 9174 is divided by 9163?
11
Calculate the remainder when 23477 is divided by 3911.
11
What is the remainder when 168 is divided by 30?
18
What is the remainder when 4078 is divided by 51?
49
What is the remainder when 30600 is divided by 954?
72
Calculate the remainder when 114092 is divided by 7129.
28
What is the remainder when 56692 is divided by 18895?
7
What is the remainder when 513860 is divided by 22341?
17
Calculate the remainder when 5961 is divided by 314.
309
What is the remainder when 2855 is divided by 318?
311
What is the remainder when 1413 is divided by 184?
125
What is the remainder when 8912 is divided by 2810?
482
Calculate the remainder when 10997 is divided by 46.
3
Calculate the remainder when 72783 is divided by 36.
27
Calculate the remainder when 909579 is divided by 977.
969
Calculate the remainder when 4657 is divided by 124.
69
Calculate the remainder when 40825 is divided by 118.
115
What is the remainder when 36619 is divided by 12200?
19
Calculate the remainder when 6134 is divided by 37.
29
Calculate the remainder when 5640 is divided by 717.
621
What is the remainder when 409291 is divided by 2?
1
What is the remainder when 1995 is divided by 395?
20
What is the remainder when 951 is divided by 243?
222
What is the remainder when 6804 is divided by 1313?
239
What is the remainder when 12337 is divided by 111?
16
Calculate the remainder when 76488 is divided by 12738.
60
Calculate the remainder when 1129066 is divided by 474.
472
What is the remainder when 55081 is divided by 18355?
16
Calculate the remainder when 4306 is divided by 476.
22
What is the remainder when 11721456 is divided by 1969?
1968
Calculate the remainder when 192020 is divided by 77.
59
Calculate the remainder when 29144 is divided by 539.
38
Calculate the remainder when 9198 is divided by 1837.
13
Calculate the remainder when 2649 is divided by 115.
4
Calculate the remainder when 960639 is divided by 632.
631
Calculate the remainder when 740604 is divided by 30.
24
Calculate the remainder when 65180 is divided by 893.
884
Calculate the remainder when 615 is divided by 209.
197
Calculate the remainder when 16842 is divided by 263.
10
Calculate the remainder when 6469 is divided by 911.
92
What is the remainder when 1645 is divided by 317?
60
What is the remainder when 121301 is divided by 1427?
6
Calculate the remainder when 1951 is divided by 896.
159
Calculate the remainder when 74948 is divided by 700.
48
What is the remainder when 3129 is divided by 1539?
51
What is the remainder when 5613517 is divided by 80?
77
What is the remainder when 1660 is divided by 145?
65
Calculate the remainder when 76731 is divided by 54.
51
Calculate the remainder when 25966 is divided by 265.
261
Calculate the remainder when 24398 is divided by 100.
98
Calculate the remainder when 6636 is divided by 351.
318
What is the remainder when 10007 is divided by 840?
767
What is the remainder when 64062 is divided by 5823?
9
Calculate the remainder when 2442 is divided by 37.
0
Calculate the remainder when 2238 is divided by 110.
38
What is the remainder when 411368 is divided by 614?
602
What is the remainder when 249 is divided by 65?
54
What is the remainder when 44521 is divided by 1725?
1396
Calculate the remainder when 1678553 is divided by 559516.
5
What is the remainder when 4832 is divided by 159?
62
Calculate the remainder when 74316 is divided by 74.
20
What is the remainder when 1367 is divided by 374?
245
Calculate the remainder when 76236 is divided by 162.
96
Calculate the remainder when 404541 is divided by 7097.
12
Calculate the remainder when 3375 is divided by 32.
15
Calculate the remainder when 167009 is divided by 377.
375
Calculate the remainder when 71139 is divided by 71117.
22
What is the remainder when 241823 is divided by 22?
21
Calculate the remainder when 7350 is divided by 328.
134
What is the remainder when 3898 is divided by 31?
23
What is the remainder when 2524 is divided by 2483?
41
Calculate the remainder when 8932 is divided by 82.
76
Calculate the remainder when 28147 is divided by 28134.
13
Calculate the remainder when 78392 is divided by 2528.
24
What is the remainder when 1135 is divided by 102?
13
What is the remainder when 25291 is divided by 159?
10
Calculate the remainder when 1531225 is divided by 1744.
1737
What is the remainder when 12830 is divided by 1439?
1318
Calculate the remainder when 43955 is divided by 161.
2
What is the remainder when 536059 is divided by 14?
13
What is the remainder when 9882 is divided by 9848?
34
Calculate the remainder when 1652 is divided by 212.
168
What is the remainder when 3015 is divided by 120?
15
What is the remainder when 3050 is divided by 764?
758
What is the remainder when 4351 is divided by 1675?
1001
Calculate the remainder when 44861 is divided by 408.
389
Calculate the remainder when 362991 is divided by 49.
48
What is the remainder when 19361 is divided by 3842?
151
What is the remainder when 2015 is divided by 29?
14
Calculate the remainder when 56948 is divided by 92.
0
What is the remainder when 1642979 is divided by 17?
14
What is the remainder when 31486 is divided by 31468?
18
What is the remainder when 25158 is divided by 28?
14
What is the remainder when 1419 is divided by 84?
75
What is the remainder when 166188 is divided by 430?
208
What is the remainder when 4115 is divided by 117?
20
Calculate the remainder when 675178 is divided by 20.
18
Calculate the remainder when 15497 is divided by 42.
41
What is the remainder when 343823 is divided by 48?
47
What is the remainder when 19676 is divided by 232?
188
Calculate the remainder when 8658 is divided by 2880.
18
What is the remainder when 346286 is divided by 34?
30
What is the remainder when 1138520 is divided by 59?
56
Calculate the remainder when 790447 is divided by 395218.
11
Calculate the remainder when 56306 is divided by 28151.
4
What is the remainder when 24877 is divided by 588?
181
What is the remainder when 169416 is divided by 777?
30
What is the remainder when 807615 is divided by 10?
5
Calculate the remainder when 31632 is divided by 320.
272
Calculate the remainder when 738 is divided by 156.
114
What is the remainder when 78293 is divided by 190?
13
What is the remainder when 177184 is divided by 136?
112
What is the remainder when 444457 is divided by 214?
193
What is the remainder when 89069 is divided by 33?
2
Calculate the remainder when 1981 is divided by 660.
1
Calculate the remainder when 6349 is divided by 5863.
486
What is the remainder when 163296 is divided by 54415?
51
Calculate the remainder when 730 is divided by 186.
172
Calculate the remainder when 17078 is divided by 609.
26
What is the remainder when 12960 is divided by 673?
173
Calculate the rem